 + 4).
14
-49 + 27 + 7 - -31
16
What is the value of (-2 - (-6 - (-3 + 4))) + 1?
6
Evaluate 10 - (42 - (39 - 28)).
-21
Evaluate -1 - 5 - ((-4 - -9) + -12) - -2.
3
What is the value of -8 + 19 + -9 - (-2 + -3)?
7
-28 - -38 - (-1 + 8) - -10
13
What is 17 - 6 - (-1 + 7) - (-31 - -5)?
31
What is -18 - (3 + (-2 + 11 - (23 + -16)))?
-23
What is -2 + 1 + 14 + -9?
4
Calculate (38 - -5) + 5 + -27.
21
What is the value of 14 + -8 + 1 + -1 + -1?
5
(1 - (-8 + 6 + -2)) + (-4 - 1)
0
-5 - (1 - (-8 - -14)) - 9
-9
What is 4 + 2 - (6 - 0 - (-72 - -66))?
-6
What is (1 - 18) + (1 - ((3 - 2) + -3))?
-14
Calculate 3 + -7 - 1 - (102 + -94).
-13
Evaluate 46 - 33 - (2 - (-2 - 38)).
-29
Calculate (-4 - (-7 + (-3 - -8) + 6)) + 6.
-2
What is 33 - 18 - 11 - (0 - -5)?
-1
2 + (-4 - 6) + 1
-7
What is -5 - (1 - -7) - -9?
-4
What is the value of -6 - 2 - (221 + -210)?
-19
What is the value of 5 + (8 - 10 - 16)?
-13
Calculate -2 + 0 + (-27 - (-74 - -36)).
9
What is the value of (3 - 3 - -7) + (94 - 97)?
4
Calculate (-6 - (-15 - -5)) + (-22 - -37).
19
What is 465 + -470 + 0 + 8?
3
What is 7 - (0 + -10 + (13 - 3))?
7
Calculate (1 - (0 + 0)) + (-57 - -24) + 27.
-5
What is the value of (-18 - -14) + -9 - -13?
0
Calculate (1 - 4 - 2) + -18 + 21 + 18.
16
-1 - -3 - (-2 + -1 + -8 + 4)
9
Evaluate -4 + 6 + 1 + -4 - (0 - 4).
3
What is 1 - (-31 - -24) - (2 - 3)?
9
Calculate -9 + 3 + 2 + -7 - (6 - 5).
-12
(58 - (52 + -48)) + (-17 - 2)
35
-5 + 11 + 6 - 8
4
Calculate 10 + (-16 - -26 - 14 - (-2 + -2)).
10
Evaluate -20 - (8 + -9 - 30).
11
-137 - -168 - (4 - 3 - -6)
24
76 - (-34 + 70) - (1 - -17)
22
Calculate -61 - -68 - (14 - -3).
-10
Calculate 1 + 27 - (68 + 38 + -112).
34
What is -2 + 11 - 13 - -18?
14
What is (-3 - (-43 + 14)) + 16 + -7?
35
What is the value of (-1 - -8) + -7 + -1 + 8?
7
(-5 - -18) + 1 + (13 - -1)
28
Calculate 1 - -4 - (-11 - (-5 + -6)).
5
What is the value of 10 + -4 + (-2 + 2 - (-20 - -18))?
8
Calculate (-7 - -5 - 0) + -1 + 9 + 8.
14
Evaluate (17 + -20 - (0 + -19 + -7)) + 9.
32
Evaluate -1 - (13 - (13 + 3 + -2)).
0
What is the value of -5 + -2 - (4 + 19 + -21 - 8)?
-1
Calculate 11 + -13 + (-22 - -12) + (6 - -1).
-5
Evaluate (-40 + 25 - -18) + -7.
-4
-1 - (0 + (2 - 3) - (-22 - -11))
-11
Calculate -5 + 40 + (14 + -16 - 6).
27
-5 + (35 + 4 - 31)
3
45 + (36 - 84) + (8 - 0)
5
Evaluate 2 + 3 + -4 + (-8 - -8) + 1.
2
What is -35 + 46 - (9 - -5)?
-3
Calculate (-36 - (-8 + -9)) + 16.
-3
-5 - (14 - (-11 - -17))
-13
-11 + 4 - (-318 + 279)
32
What is the value of (13 + (4 - 12) - -15) + (-5 - 1)?
14
What is 6 + -12 + ((6 - 4) + 17 - 4)?
9
(2 - (4 - 6)) + -5 + -1 + 7
5
Evaluate -73 + 46 + 20 + 21.
14
Evaluate -7 + 15 + -15 + -4.
-11
What is the value of 12 - (1 + (-3 - -12))?
2
Evaluate 1 + 9 - (-1 + 21 + (268 - 287)).
9
What is the value of (15 - 23) + (7 - 0) + 5?
4
What is the value of 7 + -1 + -4 - 10 - -19?
11
Evaluate 7 + 6 + -12 + (7 - 2).
6
Calculate 4 - 10 - ((0 - (4 - 0)) + 1).
-3
What is the value of (23 - -2) + (27 - 41) - 9?
2
Evaluate 1 + (3 - (-2 + -1)) + (-3 - 3).
1
0 - 4 - (-41 - -20 - -28) - 5
-16
Calculate 16 + 1 + -12 + 8.
13
Evaluate (-6 - (1 + 1 - 0)) + (-544 - -560).
8
What is the value of 0 + 5 - (2 - (1 + -8 - -10))?
6
-5 - ((48 - 44) + -25 + (-2 - 0))
18
Calculate (-2 - 12 - (-35 + 13)) + 9.
17
-4 - (13 + 40 + -28)
-29
Evaluate -12 + (-4 - -1) + (32 - 69) + 35.
-17
Calculate -11 + 6 + 6 + -19 + 9.
-9
What is (-11 - -8) + -4 - (3 - 5)?
-5
15 + -14 + 0 - 2
-1
(1 + -3 - -7) + (29 + 8 - 24)
18
29 - (-21 + (-5 - -46))
9
Evaluate -4 + -1 - -6 - -5 - -1 - -8.
15
What is 16 - (11 + 21 + 10)?
-26
Evaluate -8 + 26 + 14 - (3 - -3).
26
What is the value of -132 + 133 + -23 + 3?
-19
Evaluate -54 + 46 - (-1 + -13).
6
90 + -105 + (2 - 2 - -3)
-12
What is -35 + 24 + 20 + (-1 - -6)?
14
Calculate 29 - (8 - 5) - 14.
12
What is 1 - 1 - (22 - 10 - 14)?
2
Evaluate 3 - ((-16 - 1) + 19).
1
0 + 0 + (-3 + 19 - 25)
-9
Evaluate 22 + 20 + -38 - 2.
2
What is (-3 + -3 - -37) + -60 + 59?
30
Calculate -18 + 27 + 14 - 39.
-16
What is the value of 1 + (-2 - (-2 + -12) - 20) - 25?
-32
What is 13 - (-1 + (26 - 25))?
13
What is (8 - (-1 + 9)) + 9 - -1?
10
-7 + (7 + -24 + -2 + 10 - -6)
-10
Calculate 11 + -17 + (5 - 10).
-11
What is (-4 - (15 - 21)) + (-45 - -1) + 11?
-31
Calculate 11 + -7 + 1 - 11 - -8.
2
Calculate 36 + -42 - (-19 + 7).
6
Calculate (0 - 3) + 4 - (-17 + 23).
-5
What is the value of (-5 - -2) + 6 - ((5 - 4) + 13)?
-11
What is 5 - (-14 + 9 - (-2 - -6))?
14
What is -27 + 10 + -7 + 12?
-12
Calculate 27 - (25 + 27 + -20).
-5
What is 11 + 8 + (-15 - -4)?
8
What is (-2 + 5 - -12) + -17?
-2
-16 + 0 - ((26 - 15 - 11) + 5)
-21
-10 - (20 + -5 - 25)
0
What is 11 - ((2 - -1) + 7) - -13?
14
What is the value of 23 + 0 + (13 - 32 - -9)?
13
What is 33 - 45 - (-5 + (-3 - (-6 + 1)))?
-9
4 + -1 + -3 - (30 - (6 + 19))
-5
Evaluate (4 + -5 - -6) + 9 + -5.
9
What is the value of 34 + (17 - 25) - 10?
16
Calculate 1 + -1 + 1 - (7 - (-6 - -12)).
0
Calculate (-3 - -2) + -2 + -17 + 15.
-5
What is the value of (-4 - -3) + (5 - 5) - -2?
1
Evaluate -3 + 1 + (139 - 144).
-7
Evaluate 11 + -4 - (-8 + (1 + -1 - -2)).
13
2 + 0 + (-17 - (-38 + 33))
-10
Evaluate 3 + (1 + 3 + (-8 - -2) - 3).
-2
What is 0 + -3 + (0 - -2) + (66 - 70)?
-5
Calculate -11 - ((12 - 19) + -14).
10
Evaluate (-17 - -2) + (43 - 11).
17
Calculate -3 + (23 - 54) - -23.
-11
-7 - (-2 - -1) - (-217 + 225)
-14
What is 3 + 15 + (-14 - -23)?
27
-28 + (-3 - -25) + 11
5
-485 + 490 - (33 - 5 - (2 + -4))
-25
Calculate 18 + -17 + (-2 - 7 - 3).
-11
Calculate 16 + -19 + 16 + -3.
10
0 + -7 + 3 + 9 - (4 + -12)
13
What is the value of (7 - 0) + 0 + (-54 - -23) + 13?
-11
Evaluate 33 + -41 + 13 + (0 - (3 + -6)).
8
What is (-4 + 2 - -19) + (394 - 404)?
7
What is the value of 4 - (6 - 5) - (35 - 41)?
9
What is 1 + 8 + -1 - (6 - (6 - 3))?
5
-1 + 11 + -23 - (-4 + 0)
-9
What is the value of -1 + 8 + -37 - -5?
-25
What is the value of (-3 - (-4 - 2)) + 3 - 6?
0
Evaluate -11 - (21 + -26 + 9).
-15
Calculate (-64 - -20 - -49) + -35.
-30
37 + -6 - (0 - -5) - (-3 - -4)
25
Evaluate 14 + 16 + -13 + -19.
-2
What is -6 - (5 - 11) - 7 - -15?
8
Calculate 0 + 3 + 3 + 0 - 8.
-2
Calculate 11 - (1 - (-11 - (-36 + 10))).
25
Evaluate (2 - (1 - -10)) + (-210 - -238).
19
What is (-10 - -10 - 6) + 2 + (12 - 7)?
1
Calculate (2 - 4 - 2) + -20 + 6 + -2.
-20
Evaluate 11 - (-1 - (32 + -33)).
11
What is (40 - 21) + -6 + 8?
21
Calculate 4 - 1 - (62 + -58).
-1
What is (0 - 8) + -1 + -6 + (-60 - -99)?
24
Calculate 1 + -30 - -1 - (16889 + -16902).
-15
What is the value of (0 - (14 - 31)) + -36?
-19
Calculate (-10 + 7 - 16) + 0.
-19
What is the value of (0 - 0) + 0 - (9 + 4 + -15)?
2
Evaluate 8 + -6 - ((2 - (4 + -3)) + -2).
3
Evaluate -21 + (24 - -28) + -27.
4
What is the value of (43 - 47) + 9 + -3 + 0?
2
Calculate 10 + -15 - (-2 - -10).
-13
What is (1 - (-16 + 36)) + 7?
-12
Evaluate (-5 - -4 - 13) + 21.
7
-2 - (0 + -6 + -5)
9
Evaluate (18 - (-4 - -15)) + -34 + 11.
-16
Evaluate -6 - (-26 - (12 + -28) - -12).
-8
What is the value of 5 + (1 - (0 - -9)) + -7?
-10
(32 - (96 - 84)) + 0 + 13
33
What is (-30 + -10 - 34) + 35?
-39
Evaluate -4 + (-6 - -1) + -2 + 2 + 3.
-6
Evaluate -10 + 4 + 8 - (-4 + -6).
12
What is the value of (15 - -10) + (-19 - -9)?
15
-82 + 81 + (1 - 1) + 0 - 11
-12
What is 6 - 25 - -25 - (-13 - -3)?
16
What is -7 - (19 - (1 - (4 - 17)))?
-12
What is (-25 + 14 - 0) + (4 - 0)?
-7
1 - (-20 + 32 - -2)
-13
What is the value of -11 + (8 - 5 - -5) + (-9 - -1)?
-11
Calculate -16 - -4 - (5 + -6 - 0).
-11
What is the value of (-43 - -30) + -1 + 6 - 8?
-16
Calculate (10 - 3) + 2 + -11 - -8 - 9.
-3
-3 + 13 + -6 + -3 - 12
-11
Calculate (0 - (0 - -5)) + -40 + 43 - -12.
10
Evaluate -6 - (18 - 21) - -15.
12
Evaluate 8 + (-16 - (-12 + -20 + 17)).
7
What is the value of -5 + -3 + 9 + -3 + 7?
5
What is 12 + -11 + 5 - (8 - 4)?
2
28 + (-17 - -18) + -11
18
What is 112 - 106 - ((0 - -5) + -2 + 3)?
0
Calculate -20 + 1 - (-486 + 485).
-18
Calculate (29 - 18) + (-5 - (-2 - -4)) + -1.
3
Evaluate 4 + (-6 - -6 - (-8 + 4 - 18)).
26
Evaluate (3 - 5) + -17 + -1.
-20
What is -5 - 4 - (-9 + -23 - -15)?
8
What is -8 - (-54 + 35 + 40)?
-29
Evaluate -1 - (-7 + 11 + -2) - (-82 + 49).
30
Evaluate -16 + 4 + -5 + 19.
2
Calculate 2 - (-9 + -9 + 26 + -6).
0
Evaluate -2 + (4 - -5 - 13).
-6
What is 16 - (-3 - (2 + -13 + -6))?
2
W